{"id":2,"date":"2012-04-24T08:30:33","date_gmt":"2012-04-24T08:30:33","guid":{"rendered":"http:\/\/golebie.sarzyna.org\/?page_id=2"},"modified":"2012-05-09T18:45:56","modified_gmt":"2012-05-09T18:45:56","slug":"przykladowa-strona","status":"publish","type":"page","link":"https:\/\/wysokolotne.sarzyna.org\/?page_id=2","title":{"rendered":"O Klubie"},"content":{"rendered":"<p><a href=\"http:\/\/golebie.sarzyna.org\/wp-content\/uploads\/2012\/04\/logo.jpg\"><img loading=\"lazy\" decoding=\"async\" class=\"alignleft  wp-image-149\" style=\"margin: 5px;\" title=\"logo\" src=\"http:\/\/golebie.sarzyna.org\/wp-content\/uploads\/2012\/04\/logo-265x300.jpg\" alt=\"\" width=\"187\" height=\"191\" \/><\/a>Klub nasz powsta\u0142 dnia 20.04.2008 r. w Nowej Sarzynie jako stowarzyszenie zwyk\u0142e.<br \/>\nCz\u0142onkami za\u0142o\u017cycielami s\u0105 hodowcy z woj. podkarpackiego i lubelskiego: J\u00f3zef P\u0142achta, Mieczys\u0142aw Sroka, Janusz Bigas, Pawe\u0142 Zaj\u0105c, Dariusz Polak i Kazimierz Bartoszek.<br \/>\nW p\u00f3\u017aniejszym okresie, do grupy za\u0142o\u017cycielskiej do\u0142\u0105czyli hodowcy z wojew\u00f3dztw podkarpackiego, ma\u0142opolskiego, lubelskiego, podlaskiego, \u015bl\u0105skiego, dolno\u015bl\u0105skiego i mazowieckiego. Obecnie jeste\u015bmy stowarzyszeniem posiadaj\u0105cym osobowo\u015b\u0107 prawn\u0105, zrzeszaj\u0105cym ponad 30 hodowc\u00f3w. Liczba ta w kolejnych latach z pewno\u015bci\u0105 b\u0119dzie ros\u0142a, gdy\u017c Klub posiada bardzo wielu sympatyk\u00f3w.\u00a0 Jeste\u015bmy otwarci na wszelkie pomys\u0142y s\u0142u\u017c\u0105ce rozwojowi hodowli go\u0142\u0119bi wysokolotnych i organizowaniu lot\u00f3w konkursowych.<\/p>\n<p>Podstawowym celem cz\u0142onk\u00f3w Klubu jest hodowla go\u0142\u0119bi wysokolotnych i organizowanie lot\u00f3w konkursowych . W pocz\u0105tkowym okresie nie zak\u0142adali\u015bmy imponuj\u0105cych wynik\u00f3w w zawodach. Mieli\u015bmy \u015bwiadomo\u015b\u0107, \u017ce wynik osi\u0105ga si\u0119 wysokiej jako\u015bci materia\u0142em i d\u0142ugoletnim do\u015bwiadczeniem hodowlanym. Warunki takie mo\u017cna spe\u0142ni\u0107 po wielu latach pracy zar\u00f3wno Klubu jak i hodowc\u00f3w. Stworzenie przez Klub szerokiej rywalizacji lotowej mobilizuje hodowc\u00f3w do selekcji go\u0142\u0119bi pod wzgl\u0119dem lotno\u015bci. W zale\u017cno\u015bci od mo\u017cliwo\u015bci finansowych, liczba kategorii w kolejnych latach b\u0119dzie si\u0119 zwi\u0119ksza\u0107.<\/p>\n<p>Powsta\u0142y ju\u017c rywalizacje w rasach i kategoria Super Mistrz Klubu. Inne zwi\u0105zane np. z liczb\u0105 go\u0142\u0119bi w lotnym stadzie, pewnie powstan\u0105 w przysz\u0142o\u015bci. Obowi\u0105zuj\u0105cy w Klubie regulamin lot\u00f3w konkursowych daje mo\u017cliwo\u015bci udzia\u0142u w zawodach szerokiej grupie hodowc\u00f3w. Warunki finansowe udzia\u0142u w Klubie i zawodach zosta\u0142y ustalone na poziomie niezb\u0119dnego minimum potrzebnego do sprawnego funkcjonowania Klubu.<\/p>\n<p>Szczeg\u00f3\u0142y dotycz\u0105ce cz\u0142onkostwa w Klubie i udzia\u0142u w zawodach mo\u017cna znale\u017a\u0107 w zak\u0142adkach strony<br \/>\nlub pod nr tel. 604427033, 501505233,<br \/>\nLiczymy na pozytywny odbi\u00f3r w \u015brodowisku hodowc\u00f3w i zapraszamy do wsp\u00f3lnej zabawy.<\/p>\n<p style=\"text-align: right;\">J\u00f3zef P\u0142achta<\/p>\n","protected":false},"excerpt":{"rendered":"<p>Klub nasz powsta\u0142 dnia 20.04.2008 r. w Nowej Sarzynie jako stowarzyszenie zwyk\u0142e. Cz\u0142onkami za\u0142o\u017cycielami s\u0105 hodowcy z woj. podkarpackiego i lubelskiego: J\u00f3zef P\u0142achta, Mieczys\u0142aw Sroka, Janusz Bigas, Pawe\u0142 Zaj\u0105c, Dariusz Polak i Kazimierz Bartoszek.&#46;&#46;&#46;<\/p>\n","protected":false},"author":1,"featured_media":0,"parent":0,"menu_order":0,"comment_status":"closed","ping_status":"closed","template":"","meta":{"ngg_post_thumbnail":0,"footnotes":""},"class_list":["post-2","page","type-page","status-publish","hentry"],"_links":{"self":[{"href":"https:\/\/wysokolotne.sarzyna.org\/index.php?rest_route=\/wp\/v2\/pages\/2","targetHints":{"allow":["GET"]}}],"collection":[{"href":"https:\/\/wysokolotne.sarzyna.org\/index.php?rest_route=\/wp\/v2\/pages"}],"about":[{"href":"https:\/\/wysokolotne.sarzyna.org\/index.php?rest_route=\/wp\/v2\/types\/page"}],"author":[{"embeddable":true,"href":"https:\/\/wysokolotne.sarzyna.org\/index.php?rest_route=\/wp\/v2\/users\/1"}],"replies":[{"embeddable":true,"href":"https:\/\/wysokolotne.sarzyna.org\/index.php?rest_route=%2Fwp%2Fv2%2Fcomments&post=2"}],"version-history":[{"count":8,"href":"https:\/\/wysokolotne.sarzyna.org\/index.php?rest_route=\/wp\/v2\/pages\/2\/revisions"}],"predecessor-version":[{"id":249,"href":"https:\/\/wysokolotne.sarzyna.org\/index.php?rest_route=\/wp\/v2\/pages\/2\/revisions\/249"}],"wp:attachment":[{"href":"https:\/\/wysokolotne.sarzyna.org\/index.php?rest_route=%2Fwp%2Fv2%2Fmedia&parent=2"}],"curies":[{"name":"wp","href":"https:\/\/api.w.org\/{rel}","templated":true}]}}